) = -6*t - 11. What are the prime factors of v(-9)?
43
Suppose 5 = h + o, 4*o - 4 = -0. Suppose h*p = -6 - 2. Let s = 9 - p. What are the prime factors of s?
11
Let r(h) = h**2 + 0*h**3 + 1 + 4*h - h**3 - h. Let q be 24/(-11) - 2/(-11). List the prime factors of r(q).
7
Let n be (-4)/8*(-2 - 12). Let h = -4 + n. What are the prime factors of h?
3
Let t be (-43)/(-5) + (-6)/(-15). Let v be 51/9 + 3/t. Suppose q + 2*c = v, -5*q - c + 3*c = -18. What are the prime factors of q?
2
Let x(q) = 27*q**2 - 2*q - 1. List the prime factors of x(2).
103
Let j(n) = 3*n. Let h be j(1). Suppose -h*p - p = -5*c + 157, 2*p = 5*c - 151. List the prime factors of c.
29
Let x be (3/((-6)/4))/1. Let m be (x + 2/2)*-1. Suppose 5*w = o + m + 8, 2*w + 4*o - 8 = 0. What are the prime factors of w?
2
List the prime factors of (-366)/(-4) + (-1)/(-2).
2, 23
Let l be (8/(-2))/(-5 + 4). Suppose -5*z - l*u = -6, 9*z - 8 = 4*z - 2*u. Suppose -2 = -z*o + 2*t + 18, 4*o = -5*t - 5. What are the prime factors of o?
5
Let d(s) be the second derivative of -s**3/6 + 5*s**2 - s. Let v be d(6). Suppose v*j - 22 = 22. What are the prime factors of j?
11
Let c(x) = -x + 1. Let k be (-1)/2*(7 + 1). Let n be k/(-8)*16*-1. What are the prime factors of c(n)?
3
Let n(o) = 4*o**3 + 2*o**2 + 2*o + 13. List the prime factors of n(4).
3, 103
Let y(v) = v**2 + 3*v - 1. What are the prime factors of y(6)?
53
Let l be -9*2*21/(-9). Let d = l - 82. Let r = -28 - d. List the prime factors of r.
2, 3
Let h(y) = y**3 + 8*y**2 - 9*y + 4. Let c be h(-9). Suppose -4*u + 16 = -3*u + 3*r, 0 = 3*u - 4*r + c. Let s(q) = 4*q + 1. What are the prime factors of s(u)?
17
Suppose -f + 2*x + 4 = 0, 0 = -5*f - 2*x - 0 - 28. What are the prime factors of (-4)/(-2)*(-34)/f?
17
Suppose 0 = -2*l + l + 2. Suppose -15 = 5*x, 5*i + l*x - 11 = 28. What are the prime factors of i?
3
Let k = -335 + 560. List the prime factors of k.
3, 5
Suppose -4*a - 3*r + 9 = -a, -r - 5 = -3*a. Suppose -5*t + 2*t + 18 = 4*x, -a*x + 3*t + 18 = 0. What are the prime factors of x?
2, 3
Let s(f) = f**3 - f**2 - f + 1. Let m be s(2). Suppose m*r - r - 4*l - 30 = 0, 4*r - 2*l = 30. Let o = 16 - r. List the prime factors of o.
11
Let s(z) = 7*z. Let r(f) = f + 7. Let y be r(-6). List the prime factors of s(y).
7
Let x(u) = u**2 + u + 1. Let h(d) = -4*d**3 + 5*d**2 + 4*d + 4. Let r(y) = h(y) - 4*x(y). Let i be r(1). Let o = i + 5. List the prime factors of o.
2
Suppose -4*r + 2*r = 22. Let a(d) = -d**3 - 10*d**2 + 11*d - 3. Let f be a(r). Let m = 20 + f. List the prime factors of m.
17
Let m = 1 - -2. Suppose -2*c - m*y - 11 = 0, -5*c - 4*y - 5 = -y. What are the prime factors of 2/1 + (c - -1)?
5
Let g(m) = m**3 - m**2 - 2*m - 1. Let a be g(2). Let z be (-4)/(-2) - (12 - 1). Let y = a - z. List the prime factors of y.
2
Suppose 3*b = 2*y - 4, -2*b - 2*y - 20 + 4 = 0. Let a be (-2 - -6)/(-2) - 1. What are the prime factors of 19 + (a - (b - -1))?
19
Suppose -4*b = b + 285. Let c = b - -127. Suppose c = 4*j + 22. List the prime factors of j.
2, 3
Suppose -4*n = -4*l - 8, 2*n - 3*n + 4*l - 10 = 0. What are the prime factors of (n/10)/(5/125)?
3, 5
Let z(v) = v**3 + 4*v**2 + 3*v + 2. Let y be z(-2). Suppose -y = -o, -2*u + 4*o + o - 8 = 0. Suppose u*x = 2*x + 24. List the prime factors of x.
2, 3
Let m(y) = y - 1. Let h(l) = -l**2 + 10*l. Let v(c) = h(c) - 4*m(c). List the prime factors of v(6).
2
Suppose 13 = -5*j - 7. What are the prime factors of 2 + 1/(j/(-44))?
13
Let w(h) = 4 + h + h - 13*h. Let q be w(-5). Suppose 3*x + 14 - q = 0. What are the prime factors of x?
3, 5
Let q be ((-2)/(-4) - -2)*2. Suppose -92 = q*n - 12. Let g = -7 - n. What are the prime factors of g?
3
Suppose 7*u - 402 = 5*u. List the prime factors of u.
3, 67
List the prime factors of 387/(-5*18/(-60)).
2, 3, 43
Suppose 515 + 85 = 5*v. List the prime factors of v.
2, 3, 5
List the prime factors of 6/8 - 15015/(-60).
251
Let c = 0 - -34. Suppose 9 + 11 = 5*s, 5*n = 4*s + c. List the prime factors of n.
2, 5
Let g(x) be the first derivative of -x**4/4 - 4*x**3/3 + 3*x**2/2 - 5*x + 1. Let d be (8 + -6)*(-10)/4. List the prime factors of g(d).
5
Suppose 4*s - 4*d - 35 - 145 = 0, -90 = -2*s - 3*d. Suppose 3*u = -3*z + s, 0*z - 2*u + 18 = z. List the prime factors of 33/z - (-2)/8.
3
Let u(v) = v - 5. Let r be u(10). Let a(b) = b**3 - 4*b**2 + 2*b - 6. Let x be a(4). Suppose -2*g + 14 = 3*c, x*g - 5*c = 9 + r. List the prime factors of g.
7
What are the prime factors of 2*(-4)/8 + 43?
2, 3, 7
Let i(t) = -4*t - 2 + 2*t + t + 0. What are the prime factors of i(-11)?
3
Suppose -3*g = -6*g + 51. Let x = 2 + g. List the prime factors of x.
19
Suppose 3*g + 1 = -y, 2*g - 15 = -5*y - 3*g. Let j(f) = 2*f - 16. Let b be j(9). Suppose -36 = b*d - y*d. What are the prime factors of d?
2, 3
Suppose 5*y - 1 = -6. List the prime factors of ((-2)/(-2))/(y/(-21)).
3, 7
Suppose 2*i + 3*i - 16 = -2*l, -i = 0. List the prime factors of l.
2
Let h = -28 - -88. List the prime factors of h.
2, 3, 5
Let m(d) be the second derivative of -d**5/20 + 3*d**4/4 - 7*d**3/6 - 3*d**2 - 3*d. What are the prime factors of m(8)?
2
Let h = 6 - 12. Let y = 2 + 0. List the prime factors of y/h - (-19)/3.
2, 3
Let c(j) be the second derivative of -j + 0*j**3 + 0 + 1/20*j**5 + 3/2*j**2 + 7/12*j**4. List the prime factors of c(-7).
3
Let s be ((-9)/12)/(6/(-16)). Suppose 0 = -0*p - 3*p + 5*g + 35, s*p - 35 = g. What are the prime factors of p?
2, 5
Suppose 5*b - 8 = b. What are the prime factors of (6 + -14)*(-3)/b?
2, 3
List the prime factors of 4/(100/32 + -3).
2
Let p = -10 + 15. Suppose 5*a + 2 = y + 27, 47 = -p*y - a. What are the prime factors of (-104)/(-10) + 4/y?
2, 5
Let h(m) = m**3 - m**2 - m + 15. Let x be 0/(6/2 + -2). Let y be h(x). What are the prime factors of y/(0 - -3) - 3?
2
Let b(d) = 2*d + 7. List the prime factors of b(3).
13
Suppose 5*y - 3*i = -1 - 2, 7 = -5*y + 2*i. Let t be y*1/(-3) - -1. Suppose 0 = -t*n + 14 - 4. What are the prime factors of n?
5
Let a(m) = 13*m + 13. List the prime factors of a(6).
7, 13
List the prime factors of -4 + -2 + 3 + 32.
29
Let f = -2 + 7. What are the prime factors of f?
5
Suppose -2*o + o + 5*a + 77 = 0, -3*o - 4*a + 231 = 0. What are the prime factors of o?
7, 11
Let z(g) = 16*g**2 - 7*g + 9. What are the prime factors of z(3)?
2, 3, 11
Let s = 42 - 28. List the prime factors of s.
2, 7
Suppose 0 = -11*i + 9*i + 200. List the prime factors of i.
2, 5
Suppose -r - 5 = -3, -4*b = -5*r + 2. Let t be (0 - 0) + (-3)/b. Let i = t - -6. What are the prime factors of i?
7
Let t(u) = u**2 + 2*u + 7. Let k be t(0). List the prime factors of (-2)/((-23)/k - -3).
7
What are the prime factors of 15/(-10) + (-266)/(-4)?
5, 13
Let o(c) = c**3 - 10*c**2 - 10*c - 15. Let g be o(11). Let v = 12 + g. What are the prime factors of v?
2
Let i(n) = -n + 10. Let u be i(7). Suppose -u*f + 7*f = 128. List the prime factors of f/2 + (6 - 7).
3, 5
Suppose -3 = -3*c + 3, 0 = b - 2*c + 1. Suppose 0 = m - 4*v - 32, b*m - 115 = 4*v - 35. What are the prime factors of m?
2, 3
Let t(h) = -17*h - 9. Let z(x) = -42*x - 22. Let c(b) = -12*t(b) + 5*z(b). What are the prime factors of c(-3)?
2
Let t(l) = l**3 + 6*l**2 - 2*l - 4. Let x be t(-6). Suppose 4*q + 37 = 5*z, -z + 3*q + x = 2*q. What are the prime factors of ((-3)/z)/((-5)/50)?
2, 3
Suppose 2*j + j = 0. Suppose 0 = -2*u - j + 4. Suppose 2*a + 2*a = h + 25, -u*h = -a + 1. What are the prime factors of a?
7
Let p(n) = -34*n + 1. Let o be p(1). Let b = o + 64. Suppose 4*y + 7 = b. List the prime factors of y.
2, 3
Let d = 7 - 10. Let r be 3 + (d - (-3 + 1)). Suppose r*h = 25 + 17. List the prime factors of h.
3, 7
Let m(r) = -r + 8. Let s be m(8). Let p = s - 0. Suppose 2*d + p = 6. What are the prime factors of d?
3
Suppose 0 = h - 2*l - 21, -h - 2*l = 2*h - 63. What are the prime factors of h?
3, 7
Let p be (-237)/9 + 1/3. Let c = p - -36. Suppose -c = -2*s + 26. What are the prime factors of s?
2, 3
Suppose 79 = 13*t - 298. What are the prime factors of t?
29
Let j be (6/4)/(3/(-4)). List the prime factors of 34 + j + 3 - -2.
37
Suppose 3*v - 30 = -v + 3*x, -20 = -3*v + x. What are the prime factors of v?
2, 3
Let g = 3 - 4. Let j = 7 - g. Suppose 0 = 3*u + 2 - j. What are the prime factors of u?
2
Let d(f) = -f**3 - 4*f**2 + 6*f +